 - 5*u = -c. What are the prime factors of u?
2
Let r(o) = 2*o - 5. Let d be r(5). What are the prime factors of d - (-2)/(-1) - -3?
2, 3
Let k(t) be the second derivative of t**4/6 - t**3/2 - 2*t**2 + 4*t. What are the prime factors of k(3)?
5
Suppose m - 1 = 2*f - 2, -4*m = -4*f - 8. Suppose p = u - 31, 6*u + 2*p = f*u + 118. List the prime factors of u.
2, 3
What are the prime factors of (-1715)/(-55) + 4/(-22)?
31
Let c(y) = -y**2 + 10*y + 8. Let o be c(10). Let k(i) = -i**3 + 8*i**2 + 2*i. Let t be k(o). Let n = -2 + t. List the prime factors of n.
2, 7
Let f(q) = 10*q**2 + 4*q + 13. What are the prime factors of f(-4)?
157
Let q be 172/6*9/(-6). Let s = q + 72. What are the prime factors of s?
29
Let i(w) = w**2 - 2*w + 10. List the prime factors of i(0).
2, 5
Suppose 4*q + 2*a - 596 - 348 = 0, -236 = -q + 3*a. What are the prime factors of q?
2, 59
Let t = 10 - 6. List the prime factors of t.
2
Let j = 1 + 7. Let l = -2 + j. What are the prime factors of l?
2, 3
Let v(g) = 2*g - 12. Let n be v(8). Suppose -x - n*x + 90 = 0. List the prime factors of x.
2, 3
List the prime factors of ((-35)/21)/(5/(-126)).
2, 3, 7
Suppose 0 = 4*r - 5*p + 64, -r - p = 3 + 4. Let q = 0 - r. List the prime factors of q.
11
Let z = -1 - -1. Suppose -4*j = c - 19, z = -2*j - 4 + 12. List the prime factors of c.
3
Suppose 0 = 2*h + h - 9. Let q(u) = -u + 7. List the prime factors of q(h).
2
List the prime factors of ((-7)/3)/((-3)/45).
5, 7
Suppose -8*f + 591 + 217 = 0. What are the prime factors of f?
101
Let z(x) = -2*x**3 + 16*x**2 - 5*x + 2. List the prime factors of z(5).
127
Suppose -7 = -3*l + 29. What are the prime factors of l?
2, 3
Let z be (-1)/(-3) - (-34)/6. Let p(m) = -2. Let q(o) = -o + 2. Let c(v) = z*p(v) + 5*q(v). List the prime factors of c(-2).
2
Suppose -6*h = -h - 3*v - 889, 534 = 3*h - 2*v. List the prime factors of h.
2, 11
Let p(t) = 6*t - 1. Let v be p(2). Suppose 18 = 2*h - 4*i, 3*h - 2*i + 0*i = v. Suppose h - 37 = -3*j. What are the prime factors of j?
2, 3
Let y be 194/22 - 2/(-11). Let g(w) = w**2 - 4*w + 9. Let n be g(y). Suppose 3*q = -6 + n. List the prime factors of q.
2
Suppose 0 = 6*a - 174 + 48. List the prime factors of a.
3, 7
Let g(t) be the second derivative of t**3/2 - 4*t**2 + 2*t. Let p be (4/(-3))/(10/(-45)). List the prime factors of g(p).
2, 5
Suppose 4*h + 3*a = 5*a + 896, 5*a = 0. What are the prime factors of h?
2, 7
Let j(x) = 12*x - 1. Let q be j(1). Let d(c) = c**3 - 11*c**2 + c - 4. What are the prime factors of d(q)?
7
Let t(n) = 10*n + 1. Let u be t(-3). Suppose 0 = -g + y - 46, 4*g + 0*g = 2*y - 182. Let o = u - g. List the prime factors of o.
2
Let i be ((-48)/(-4))/(2/4). Let k = i - 14. What are the prime factors of k?
2, 5
Suppose -c - 1990 = -6*c + 2*x, 0 = -2*c - 4*x + 796. What are the prime factors of c?
2, 199
Suppose 3 = k - 4. Let b = -6 - -3. Let s = k + b. What are the prime factors of s?
2
Let o be (-16)/2 - 0/1. Let q(n) = 0*n - 5 - 4*n + 3*n. What are the prime factors of q(o)?
3
Let d = -18 + -9. Let l = d - -40. List the prime factors of l.
13
Suppose -2*g + 804 = 4*g. List the prime factors of g.
2, 67
Let f = 225 - 158. List the prime factors of f.
67
Let g(c) = -3 + 4 + 3 + 5 + c. What are the prime factors of g(-4)?
5
Let n be (5*(1 - 0))/(-1). Let b(q) = -q**2 - 10*q + 3. What are the prime factors of b(n)?
2, 7
Let p = -213 - -447. List the prime factors of p.
2, 3, 13
Suppose -5*t + 54 = 2*x, 0*x = -2*x - 4*t + 50. List the prime factors of x.
17
Let r be (-10)/(-3*3/(-198)). What are the prime factors of (r/(-15))/(4/6)?
2, 11
Let f = 3 - 1. Suppose 0 = -4*o + 2*m - 2, 5*o + 7 = -2*m. List the prime factors of f + 1 + o - 0.
2
Suppose -8*q + 178 = -126. What are the prime factors of q?
2, 19
List the prime factors of 2/(-7) - (-4836)/21.
2, 5, 23
Suppose 5*j = -5*t + 13 + 102, 3*t - 3*j - 51 = 0. Suppose 2*o - 4*h - t = 0, 4*o = -2*h - h + 51. List the prime factors of o.
2, 3
Let m(r) be the third derivative of 1/120*r**6 + 0*r**5 - 1/8*r**4 + 0*r - r**2 + 1/2*r**3 + 0. List the prime factors of m(2).
5
Let f = 18 - -5. List the prime factors of f.
23
Suppose 1 = -3*d - 5*x - 1, x - 32 = 3*d. Let i be ((-14)/(-21))/((-2)/d). Suppose -3*s = 5*g - 125, -s - 91 = -i*g - 6*s. What are the prime factors of g?
2, 11
Let t = -7 - -11. Suppose 0 = -s + 37 + t. Suppose -s - 10 = -3*g. List the prime factors of g.
17
Let s = -14 - -4. Let m = s + 14. What are the prime factors of m?
2
Let v(m) = -m**3 + 7*m**2 + 8*m + 1. Let h be v(8). Suppose -h = -t + 4. List the prime factors of t.
5
Let y(t) be the third derivative of t**6/120 + t**5/12 + t**4/24 - t**3/2 - t**2. List the prime factors of y(-4).
3
Suppose -4*t - 94 = -5*x, 5*x - 148 = -t - 59. List the prime factors of x.
2, 3
Suppose -6*g + 546 - 126 = 0. What are the prime factors of g?
2, 5, 7
Let u(n) = 38*n**3 - n**2. List the prime factors of u(1).
37
Let z(p) = -p + 5. Let c be z(5). Suppose -3*l + 4 + 2 = c. Let x(i) = i**3 - 2*i**2 + 2*i - 1. What are the prime factors of x(l)?
3
Let w be 0 - -2 - (3 - 2). Let m = 2 - w. Let z = 2 + m. List the prime factors of z.
3
Suppose 2*n + 2 = n, -3*y + 5*n = -16. What are the prime factors of (-106)/(-6) + y/(-3)?
17
Let f = -24 + 43. What are the prime factors of f?
19
Let g = 119 - 83. List the prime factors of g.
2, 3
Let b(v) = v**2. Let g be b(-1). Suppose 5*i = s + 37, s = i + 5*s + g. List the prime factors of i.
7
Suppose -2*r = -r - 15. Suppose 0 = 4*b + 3 - r. Suppose -8*f + 30 = -b*f. List the prime factors of f.
2, 3
Suppose -g - 12 = 2*y, 0 = -7*g + 6*g - 5*y - 12. What are the prime factors of g*(6/9 - 2)?
2
Let p = 20 + -14. What are the prime factors of (-3)/p - (-18)/4?
2
Let w = 7 - 4. Suppose -2*o - 2*x + w = -5, 22 = 4*o - 2*x. List the prime factors of o.
5
Suppose -3*s + s - 125 = -u, s = -2*u + 240. List the prime factors of u.
11
Suppose b - 3*s + 5 = 0, 2*b - 2*s = -s + 15. Let f be (4/(-5))/(b/(-25)). Suppose f*d = 6*d - 48. List the prime factors of d.
2, 3
Let i(s) = -s**3 - 5*s**2 - s - 3. Let p be i(-5). List the prime factors of 1 + p + 12 - 3.
2, 3
Let k(c) = c**3 - 5*c**2 + 2. Let u be k(5). Let t(l) = 2*l**2 - 3*l + 1. Let s be t(u). What are the prime factors of ((-3)/(-2))/(s/36)?
2, 3
Suppose 52 = 4*z - 0*z. What are the prime factors of z?
13
Let d(a) = -a**3 - 33*a**2 - 10*a - 16. What are the prime factors of d(-33)?
2, 157
Let n(g) = g**3 + 12*g**2 + 9*g + 11. What are the prime factors of n(-11)?
3, 11
Suppose 2*i + w = -6, i + 4*w + 5 + 12 = 0. List the prime factors of 0/i - 74/(-2).
37
Let i be ((-24)/18)/((-4)/(-1422)). Let t be i/(-9) - (-4)/(-6). List the prime factors of 2/9 - t/(-9).
2, 3
Let t = 4 + -9. Let a = 1 - t. List the prime factors of a.
2, 3
Let v be ((-3 - -6) + 0)/1. Suppose -v*x + 81 = -i, -i = 3*i + 12. Suppose -x = -p - p. List the prime factors of p.
13
Suppose -5*k = -2*m - 19 - 55, 3*k = -5*m + 32. What are the prime factors of k?
2, 7
List the prime factors of (-6 + 22/4)*-684.
2, 3, 19
Suppose -2*k - 5 + 1 = 0. Suppose 0 = 5*j + w - 21, -2*j - j = -2*w - 10. What are the prime factors of j/(-1)*(0 + k)?
2
Suppose -2*n = w + 2, 0 = 2*n - 4*w + 15 - 3. Let h(c) = 7*c**2 + 3*c + 2. Let p be h(n). Suppose -s - s + p = 0. What are the prime factors of s?
2, 3
Let s be 2/(-8) + (-30)/8. Let q(f) = f**2 + f + 2. List the prime factors of q(s).
2, 7
Let p be 27 + 0 + (-1 - 2). Let o = p + 6. What are the prime factors of o?
2, 3, 5
Suppose -2*k + 2*l = 7*l + 7, -15 = -3*k + l. Suppose 2*h - 4 = -2*h - 4*b, -3*h - 7 = 5*b. Suppose g - h = -k. List the prime factors of g.
2
Let k(i) = i**2 - 6*i - 9. Let d be k(8). Let y(f) = 8 + 4*f**2 + 4*f**2 - f**3 - 6 - 6*f. What are the prime factors of y(d)?
3
Suppose 0 = -5*y - 20, -r + 3*y = -2*y - 24. Suppose 0 = -2*h + r*m + 26, h - 15 = -3*m + 6*m. List the prime factors of h.
3
What are the prime factors of -3*-3*(-1)/(-9) + 39?
2, 5
Let k(n) = -6*n**3 + 2*n**2 - 2*n + 1. Let j be k(1). Let r = 5 + j. Suppose 2*m - 5*b - 40 = r, -5*m + 3*b + 98 = 36. List the prime factors of m.
2, 5
Suppose 0 = 2*o - o - 3*k - 32, 2*o - 48 = 2*k. What are the prime factors of (1*-18)/((-15)/o)?
2, 3
Let v(y) be the second derivative of y**3/6 + 3*y**2/2 - 2*y. Let m(p) = -p - 1. Let k(l)